
Calculate the highest common divisor of 300 and 825.
75
Calculate the greatest common divisor of 4 and 50.
2
Calculate the greatest common factor of 39 and 7.
1
What is the highest common factor of 279 and 1209?
93
Calculate the highest common divisor of 60562 and 283.
283
What is the greatest common divisor of 205 and 1107?
41
Calculate the greatest common divisor of 37 and 333.
37
Calculate the greatest common divisor of 1266 and 6.
6
Calculate the highest common divisor of 15 and 645.
15
Calculate the highest common divisor of 220 and 20.
20
Calculate the highest common divisor of 16640 and 260.
260
What is the highest common factor of 34 and 918?
34
Calculate the highest common factor of 1170 and 27690.
390
What is the greatest common divisor of 208 and 160?
16
Calculate the highest common divisor of 1107 and 81.
27
Calculate the highest common factor of 629 and 51.
17
Calculate the greatest common factor of 14 and 133.
7
Calculate the highest common divisor of 1 and 3.
1
What is the greatest common divisor of 75 and 21?
3
Calculate the greatest common divisor of 2296 and 196.
28
Calculate the highest common factor of 1430 and 26.
26
Calculate the highest common factor of 16 and 13744.
16
Calculate the greatest common divisor of 1515 and 30.
15
What is the highest common divisor of 410 and 40?
10
What is the highest common factor of 6875 and 110?
55
What is the highest common factor of 6 and 6?
6
Calculate the greatest common divisor of 1953 and 5425.
217
Calculate the greatest common divisor of 22 and 165.
11
What is the greatest common factor of 25593 and 114?
57
Calculate the highest common divisor of 1003 and 17.
17
Calculate the highest common factor of 36 and 684.
36
Calculate the greatest common divisor of 12 and 78.
6
Calculate the greatest common divisor of 55 and 2.
1
Calculate the highest common factor of 6 and 22.
2
What is the highest common divisor of 75 and 600?
75
Calculate the greatest common divisor of 27 and 10989.
27
What is the highest common divisor of 4 and 2916?
4
What is the greatest common factor of 192 and 256?
64
Calculate the highest common factor of 1095 and 360.
15
Calculate the greatest common divisor of 276 and 24.
12
Calculate the greatest common divisor of 36 and 192.
12
What is the greatest common factor of 10 and 4670?
10
What is the greatest common divisor of 8614 and 236?
118
What is the greatest common divisor of 10 and 130?
10
What is the greatest common factor of 548 and 40?
4
Calculate the greatest common factor of 51 and 18.
3
What is the greatest common factor of 6441 and 228?
57
Calculate the highest common factor of 1679 and 115.
23
What is the greatest common divisor of 70 and 14?
14
Calculate the greatest common divisor of 1482 and 399.
57
What is the highest common factor of 56 and 436?
4
What is the greatest common factor of 675 and 216?
27
Calculate the greatest common divisor of 124 and 806.
62
Calculate the highest common divisor of 66 and 583.
11
What is the greatest common divisor of 300 and 250?
50
Calculate the highest common factor of 8 and 5.
1
Calculate the greatest common divisor of 3274 and 2.
2
Calculate the greatest common divisor of 288 and 40896.
288
Calculate the highest common factor of 39 and 104.
13
What is the highest common divisor of 4170 and 90?
30
What is the greatest common factor of 20 and 430?
10
Calculate the highest common divisor of 528 and 336.
48
What is the highest common factor of 4888 and 936?
104
Calculate the greatest common factor of 10812 and 48.
12
What is the highest common divisor of 855 and 135?
45
What is the greatest common factor of 39 and 143?
13
What is the greatest common factor of 403 and 65?
13
What is the greatest common divisor of 720 and 60?
60
Calculate the greatest common divisor of 2922 and 12.
6
What is the greatest common divisor of 1428 and 36?
12
What is the highest common factor of 36 and 44?
4
Calculate the highest common factor of 88 and 24.
8
What is the highest common divisor of 246 and 328?
82
Calculate the highest common divisor of 13 and 23062.
13
What is the greatest common factor of 75 and 5?
5
What is the greatest common divisor of 45 and 9?
9
What is the highest common factor of 26 and 18395?
13
What is the greatest common divisor of 1118 and 26?
26
What is the greatest common factor of 11885 and 10?
5
What is the highest common divisor of 144 and 108?
36
Calculate the highest common divisor of 441 and 35.
7
What is the greatest common factor of 18 and 414?
18
What is the highest common divisor of 299 and 806?
13
What is the greatest common divisor of 84 and 25284?
84
Calculate the highest common factor of 160 and 4.
4
Calculate the highest common factor of 12 and 5156.
4
Calculate the highest common divisor of 91 and 30485.
91
What is the highest common divisor of 71 and 2201?
71
What is the highest common factor of 3 and 123?
3
What is the greatest common divisor of 310 and 13795?
155
Calculate the greatest common divisor of 7421 and 181.
181
What is the highest common factor of 58 and 551?
29
What is the greatest common divisor of 40 and 5?
5
Calculate the highest common factor of 26 and 1807.
13
What is the greatest common divisor of 14216 and 8?
8
What is the greatest common factor of 5320 and 35?
35
Calculate the greatest common divisor of 2321 and 11.
11
What is the greatest common factor of 1221 and 33?
33
What is the highest common factor of 26 and 481?
13
Calculate the greatest common divisor of 24 and 360.
24
What is the greatest common factor of 44 and 99?
11
What is the highest common factor of 62 and 341?
31
What is the highest common factor of 84 and 12?
12
Calculate the highest common factor of 1590 and 30.
30
Calculate the highest common divisor of 11 and 9097.
11
Calculate the greatest common factor of 290 and 1624.
58
What is the greatest common factor of 96 and 9336?
24
What is the greatest common factor of 26 and 1924?
26
What is the greatest common factor of 4928 and 770?
154
Calculate the greatest common divisor of 132 and 14223.
33
What is the highest common divisor of 12 and 447?
3
Calculate the greatest common factor of 348 and 60.
12
What is the highest common factor of 466 and 23999?
233
What is the greatest common divisor of 9345 and 35?
35
Calculate the highest common factor of 32 and 1384.
8
Calculate the greatest common factor of 272 and 68.
68
Calculate the highest common divisor of 1335 and 30.
15
Calculate the highest common factor of 126 and 11130.
42
Calculate the highest common factor of 3268 and 516.
172
Calculate the greatest common divisor of 1545 and 45.
15
What is the greatest common divisor of 163 and 4075?
163
What is the highest common divisor of 329 and 56?
7
What is the highest common divisor of 30 and 1490?
10
What is the greatest common factor of 1230 and 30?
30
What is the greatest common divisor of 24 and 624?
24
What is the greatest common factor of 564 and 24?
12
What is the greatest common divisor of 67471 and 109?
109
Calculate the greatest common factor of 24 and 84.
12
What is the greatest common factor of 24 and 42?
6
What is the highest common divisor of 196 and 84?
28
Calculate the highest common divisor of 21 and 518.
7
Calculate the highest common divisor of 849 and 3113.
283
What is the greatest common factor of 32 and 96?
32
Calculate the highest common factor of 105 and 21.
21
What is the highest common factor of 28 and 24?
4
Calculate the highest common factor of 680 and 75.
5
What is the greatest common divisor of 2196 and 36?
36
What is the highest common divisor of 72 and 684?
36
Calculate the highest common divisor of 575 and 2185.
115
Calculate the greatest common factor of 17844 and 48.
12
Calculate the highest common factor of 90 and 190.
10
What is the highest common divisor of 296 and 962?
74
Calculate the greatest common divisor of 1242 and 594.
54
Calculate the highest common factor of 13254 and 3.
3
What is the highest common divisor of 646 and 4?
2
What is the greatest common divisor of 103 and 5459?
103
Calculate the greatest common factor of 5624 and 760.
152
What is the highest common divisor of 792 and 44?
44
Calculate the greatest common divisor of 55553 and 73.
73
Calculate the greatest common divisor of 112 and 28.
28
Calcula